 the greatest common divisor of c and 17.
17
Suppose 0 = -3*a + 3*s + 183, -3*a - 185 = -6*a + 2*s. Calculate the highest common divisor of 27 and a.
9
Let h(w) = w**2 + 4*w - 27. Let k(z) = -z - 30. Let a be k(-19). Let d be h(a). Calculate the greatest common factor of 20 and d.
10
Let u be 5 - (-20 + 15/(-20)*-8). Calculate the greatest common factor of 589 and u.
19
Let b be (-2)/(-8) + -1 + 6/8. Let u(d) = d**3 + d**2 - 2*d + 115. Let v be u(b). Calculate the greatest common factor of 23 and v.
23
Let f be 99 + 25/(-5) + 2. What is the highest common divisor of 48 and f?
48
Let g be (2 - -2)*(-345)/(-6). Suppose 8*l - 162 = g. What is the highest common factor of 7 and l?
7
Suppose 0 = 4*p - 49 - 15. Let a(o) = 9*o**2 + 3*o + 5. Let u be a(-3). Let l = u - 45. Calculate the greatest common divisor of p and l.
16
Let d = -97 + 119. Suppose 2 + 7 = 3*f, -5*j - 4*f = -d. What is the greatest common divisor of j and 16?
2
Suppose -66*p + 2176 = 62*p. Suppose 5 = o - 0. Let w be (-2)/(o + 1)*-51. What is the greatest common divisor of p and w?
17
Let o = -134 - -218. Calculate the greatest common factor of o and 210.
42
Let h be (30/(-5))/6*-15. Calculate the highest common factor of 240 and h.
15
Let n(m) be the third derivative of 1/60*m**5 + 0*m - 7*m**2 + 1/4*m**4 + 0 - 2/3*m**3. Let z be n(-7). What is the highest common divisor of 27 and z?
3
Let q(r) = 16*r**2 - 12*r - 25. Let o be q(-2). Calculate the greatest common factor of o and 63.
63
Suppose -m - 5*x + 15 = 0, 3*x - 8*x = -3*m + 145. What is the highest common factor of 220 and m?
20
Let j(v) = -v**3 + 14*v**2 - 13*v + 20. Let a be j(13). What is the highest common divisor of 160 and a?
20
Let f be -2 + 26/3 + 4/(-6). Let j = f - -12. What is the highest common divisor of j and 90?
18
Let k be (-12)/(-3) - 0 - 1. Suppose -c + 4*f + 41 = 0, -4*f - 61 - 13 = -2*c. Suppose k*w - c = -0*w. Calculate the greatest common divisor of w and 55.
11
Let y = -13 + 35. Suppose 11*b = 15*b - 440. What is the greatest common factor of b and y?
22
Suppose 4*m + 2 - 14 = 0. Suppose f = 2*h + 105 - 11, m*h + 183 = 2*f. Calculate the highest common factor of 28 and f.
28
Let o be (31 - -8)/(1 - 0). Suppose -h = -0*h. Suppose h = 3*v + v - 104. What is the highest common factor of v and o?
13
Let s be (-2 + 5 - (-189)/(-6))*-2. Let g = s - 47. Calculate the greatest common factor of 60 and g.
10
Let d = 4 - -4. Suppose -3*x + 14 = 2*m, -5*x - 3*m + 14 = -11. Calculate the greatest common factor of d and x.
8
Suppose 97*q = 98*q - 3. Let c(j) = 2*j**2 - 2*j. Let h be c(-3). Calculate the greatest common divisor of h and q.
3
Let q = -1002 - -1027. Suppose -4 = -2*g, 5*o + 3*g - 113 = 268. Calculate the greatest common factor of q and o.
25
Suppose 0 = -2*r - 2*f - 4, 0*r + 2*f - 5 = r. Let g = 48 - r. What is the greatest common divisor of 34 and g?
17
Let d be (-80)/(-10) + -13 - -79. What is the greatest common factor of 370 and d?
74
Suppose 2 = 33*t - 32*t. Suppose -2*b + 56 = t*x - 10, 2*x + b = 69. Calculate the greatest common divisor of x and 12.
12
Let s(b) = 7*b**3 - 4*b**2 + 2*b + 2. Let v be s(2). Let r be ((-22)/4)/((-1)/v). Calculate the greatest common divisor of r and 23.
23
Suppose 0 = 2*z + 2*u + 2, 1 = -2*z - u - 0*u. Suppose 26 = 2*a + f + 2*f, z = 4*a + 3*f - 46. Calculate the highest common divisor of 130 and a.
10
Let r be (-13 + 2 + -3)/(20 + -22). What is the greatest common divisor of 1 and r?
1
Let j = 273 + -264. Suppose -3*x - n + 23 = 0, -4*x + 2*n + 42 = x. Suppose 0 = -x*v + 3*v + 45. What is the highest common divisor of j and v?
9
Let g = 33 + -34. Let h be g - (-2 + -217) - 3. Calculate the highest common factor of h and 86.
43
Let d(k) = -2*k + 19. Let r be d(10). Let o be (-2 - r - -4) + 25. What is the highest common divisor of o and 7?
7
Let y(v) = -103*v - 375. Let j be y(-9). What is the highest common factor of j and 48?
24
Let i(u) = -102*u - 30. Let r be i(-5). Calculate the highest common factor of r and 15.
15
Suppose k - 2*k + m = 11, 4*k + 39 = -m. Let c(q) = 2*q**2 + 10*q - 7. Let w be c(k). What is the greatest common factor of 31 and w?
31
Let j(d) = 5*d - 16. Let n be j(0). Let c be (0 - n/(-12))/(2/(-15)). Calculate the greatest common divisor of 15 and c.
5
Let k be 6/(-9) - (-4)/6. Suppose -4*n - 34 + 13 = -h, 0 = -4*n + 3*h - 23. Let b = k - n. Calculate the highest common divisor of 15 and b.
5
Suppose -13*q - 36 = -4*q. Let j = 16 + q. What is the greatest common factor of j and 48?
12
Let w be (268 - (-4 - -5)) + -3. What is the highest common factor of w and 165?
33
Let f be (4 - 2)/2 + 0. Let z(u) = u**2 + 26 - 11*u + 1 - 2*u - u. Let s be z(12). What is the highest common factor of f and s?
1
Let i(h) = -h**3 + 8*h**2 - 7*h + 5. Let v be i(7). Let o(m) = 24*m**2 + 1. Suppose 2*z + 5 = 3. Let x be o(z). Calculate the highest common divisor of v and x.
5
Let v(q) = 6*q**2 + 3*q - 12. Let i(y) = -5*y**2 - 3*y + 11. Let b(a) = -5*i(a) - 4*v(a). Let h be b(-7). Calculate the highest common factor of h and 231.
21
Suppose 4 + 11 = 5*n. Let p(k) = k**3 + 7*k**2 + 4*k + 3. Let z = 14 + -19. Let h be p(z). What is the greatest common divisor of h and n?
3
Let d(f) = 19*f - 39. Let o be d(16). What is the greatest common divisor of o and 53?
53
Suppose -10*q = -3*q - 35. Suppose -5*f - 3*m + 39 + 49 = 0, -q*m + 39 = 2*f. What is the greatest common factor of 85 and f?
17
Let p = -12 - -15. Suppose -6*x + 3*h = -11*x + 60, 5*x - 60 = h. Calculate the greatest common divisor of x and p.
3
Let x(j) = 3*j**3 + j**2 + 4. Let z be x(-4). Let r = -118 - z. Let y = -908 + 989. What is the highest common factor of r and y?
27
Let j = -7 + 5. Let l = j - -4. Suppose 4 = l*k, -2*w - w + k = -31. What is the greatest common divisor of 55 and w?
11
Let h be (-64)/(((-372)/240)/31). What is the highest common factor of 8 and h?
8
Let l(g) = 9*g**2 + 2. Suppose 3*j - 4*u = 1, -4*j + 9*j = 5*u. Let s be l(j). Calculate the greatest common factor of 55 and s.
11
Suppose 2*o - 1 = -x, 4*x + x + o = 41. Let t(r) = r + 2*r**2 - 109 - 35*r**3 + 109. Let j be t(-1). Calculate the greatest common factor of x and j.
9
Let t(c) = c. Let n(w) = -6*w - 9. Let p(q) = -n(q) - 5*t(q). Let j be p(22). What is the greatest common factor of j and 124?
31
Suppose 5*u + 48 - 2 = 2*f, u + 74 = 4*f. Let i(g) = 30*g**2 + 2*g - 2. Let j be i(6). Let z be 3/f + j/12. Calculate the greatest common divisor of 13 and z.
13
Suppose -2*g + 5*u = -4 - 3, -4 = -3*g + u. Let t be (g + 9)*2/5. Suppose 0*o = -o - 3*f + 29, 112 = 5*o + t*f. What is the highest common factor of o and 30?
10
Let b(m) = m**2 + 34*m + 98. Let g be b(-31). Calculate the greatest common factor of 56 and g.
1
Suppose 0 = -26*o + 581 - 87. What is the greatest common divisor of 152 and o?
19
Let x(t) = 1538*t**2 + 20*t - 17. Let m be x(1). What is the greatest common factor of m and 23?
23
Suppose 2*s - 49 = -5*o, -27 - 24 = -5*o - 3*s. Calculate the highest common divisor of o and 81.
9
Let d = 19 + -7. Let n be (-55)/11 - 1 - -60. Calculate the highest common factor of d and n.
6
Let a be ((-1)/3)/((-4)/36). Let w be 2 - (a/(-3) + 5). Let k be (-10)/w - (6 - 6). What is the greatest common factor of 1 and k?
1
Let u = 2 - -13. Let h(k) = -5*k - 222. Let y be h(-45). What is the greatest common factor of u and y?
3
Let q(l) = -l**3 + 6*l**2 + 75*l - 25. Let p be q(12). Calculate the greatest common factor of 891 and p.
11
Suppose 4*v - 18 = -f, -2*f + 26 = 5*v - 2*v. Let c be 200/30*(-1)/(f/(-24)). What is the greatest common factor of c and 40?
8
Suppose 2*i + 111 = 31. Let q be 5/i + (-579)/(-24). What is the greatest common divisor of 36 and q?
12
Let a(o) = 5*o + 117. Let b be a(25). Calculate the greatest common factor of 22 and b.
22
Let k be 4/(-16)*(1 + -21). Suppose h = k*h + 4. Let u(y) = -7*y**3 - y**2 + y + 1. Let o be u(h). Calculate the highest common divisor of 15 and o.
3
Let i = -50 + 37. Let x be -1 - -167 - (11 + i). Calculate the greatest common divisor of x and 42.
42
Suppose 6*r = 10 + 20. Let p be 2/8 + (-19)/(-4). Calculate the greatest common divisor of r and p.
5
Let j = 440 + -240. Let k(t) = -2*t + 6. Let n be k(-17). What is the highest common divisor of n and j?
40
Let u be (-2)/(-3) - 52